What is the units digit of t(r)?
7
Let m(i) = 215*i**2 + 33*i - 61. What is the tens digit of m(2)?
6
Let a(j) = 3*j**2 + 13*j + 37. Let w(h) = h**2 + 10*h + 16. Let z be w(-7). What is the tens digit of a(z)?
4
Suppose 7*t - 3*t = 684. Suppose -r = 0, -5*g + 4*r = t - 566. What is the tens digit of g?
7
Suppose 98*i = 85*i + 4589. What is the hundreds digit of i?
3
Let y = 1 - 46. Let r = y + 26. Let g = 46 + r. What is the units digit of g?
7
What is the units digit of 26/(-143) - (-1663)/11?
1
Suppose -4*i + 8 = -2*o, -1 + 11 = 5*i. Suppose v - 5*r - 77 = o, 0*v + 231 = 3*v + 2*r. What is the tens digit of v?
7
Suppose 2*r - 4*x = 726, 5*r + 4*x - 1827 = 2*x. What is the tens digit of (-22)/6 + 3 - r/(-3)?
2
Let c(v) = -v**3 - v**2 + 2*v - 3. Let b = -18 - -14. What is the tens digit of c(b)?
3
Suppose -3 - 15 = -2*a. Suppose 5*s - 3*w = -a, 0*s - 3*s + 12 = 4*w. What is the tens digit of (-20)/(-8)*(s + 20)?
5
Suppose -4*f - 5*y = f - 365, -64 = -f - 4*y. Suppose -2*l + 5*h = -69 - f, 4*l + 5*h - 275 = 0. What is the tens digit of l?
7
Suppose 289 = 4*s - 71. Suppose -y - 2*y = s. What is the tens digit of (4 - -1)*(-102)/y?
1
Let z(w) = w**3 - 5*w**2 - w + 4. Let j be -4 - (-1)/((-1)/(-9)). Let r be z(j). What is the units digit of (-35 - 1)*(0 + r)?
6
Let m = 13 + 2. Suppose 0 = 2*s - m - 15. What is the tens digit of 212/10 - 3/s?
2
Let b(y) = -y**2 + 33*y + 42. What is the tens digit of b(21)?
9
Let o be (8/4)/(1/2). Suppose 63 - 15 = o*d. What is the tens digit of d?
1
Let p(v) = 286*v**2 - 11*v - 22. What is the tens digit of p(-2)?
4
Let f = 241 - -415. What is the units digit of f?
6
Let w = 28 - 26. Suppose -w*d + 40 = -100. What is the units digit of d?
0
Let i(j) = -2*j + 1. Let x be i(4). Let o be -2 + (x - 0)/1. Let w(p) = -p**2 - 8*p + 12. What is the units digit of w(o)?
3
Let p(h) = 35*h - 152. What is the tens digit of p(18)?
7
Let p be 4*-1*(-5)/10. Suppose -2 = p*l, -2*y - y = 5*l - 49. What is the tens digit of y?
1
Let m be (-1)/(-2)*(-3 - -3). Suppose 0 = -m*n + 2*n. Suppose n*u + 21 = u. What is the units digit of u?
1
Let s = -2121 - -3806. What is the units digit of s?
5
Let d = -618 + 1889. What is the thousands digit of d?
1
Let a = -27 - -213. Suppose -a = 5*n - 5*v + 84, 4*n + 192 = -2*v. Let q = n + 83. What is the tens digit of q?
3
Let y be 175 - (-2 + 0 + 0). Suppose -r - 96 = -4*s, 0 = -4*r - 4*s - 0*s - 484. Let c = r + y. What is the units digit of c?
1
Let z(b) = b**3 + 9*b**2 + 6*b - 10. Let n be z(-8). Let q = n + -6. Suppose 2*l + 3 = 5*r - 99, q = 3*l - 12. What is the units digit of r?
2
Suppose 19*j = 54 + 630. Let g = 85 - j. What is the tens digit of g?
4
Let q = 1 + -3. Let w(t) = 2*t - 1 + 4*t + 0 - 7*t. What is the units digit of w(q)?
1
Suppose 33*g = 28*g + 15. Suppose -1230 = -5*i + 2*a, -5*i - 363 = g*a - 1618. What is the tens digit of i?
4
Suppose 58*q + 23880 - 136922 = 0. What is the units digit of q?
9
Suppose -2*n = -2*i + 1594, 0 = -i - 5*n + 820 - 17. What is the units digit of i?
8
Let u(d) = -21*d - 81. What is the units digit of u(-21)?
0
Let z(n) = -6*n**3 - 14*n**2 + 11*n + 17. Let k(r) = r**3 + r - 1. Let o(v) = -5*k(v) - z(v). Suppose -w = -3*w - 30. What is the units digit of o(w)?
3
Suppose -7*v + 674 = -6*v. What is the tens digit of v?
7
Suppose 6 = -3*f, -5*t + 3*f + 0 = -31. Suppose 423 = 8*y - t*y. What is the units digit of y?
1
Let h = -28 - -24. Let z(q) = -q**3 - 2*q**2 + 6*q + 2. What is the tens digit of z(h)?
1
Let f(b) = -b**2 - 21*b + 21. Suppose -2 - 1 = -3*z, 4*z = 4*c + 60. What is the units digit of f(c)?
9
Suppose 3*u - 16 = -46. Let o be (u/(-8))/(1/4). Suppose 3*w + m = 187, -313 - 4 = -o*w + m. What is the tens digit of w?
6
Let q be 7/(-35) + (-1353)/(-15). Let j = q + 22. Suppose 6*k - j = 44. What is the tens digit of k?
2
Let v = 119 + -68. Let x = 95 - v. What is the tens digit of x?
4
What is the tens digit of ((-17)/(7 + -75))/(2/2104)?
6
Let w be 4/(-3) - 3/(-9). Let q(k) be the first derivative of -13*k**4/4 + k**2/2 + k - 251. What is the units digit of q(w)?
3
Suppose -51*v = -46*v - 4*n - 6846, n = 3*v - 4102. What is the units digit of v?
6
Let f be (-26)/(-6) + 14/(-147)*-7. Suppose f*n - 146 = -36. What is the units digit of n?
2
Suppose -3*n - 44*t + 4485 = -47*t, -5*n + 4*t = -7470. What is the units digit of n?
0
Suppose -4*o = q + 18, 1 = 2*q - 3*o - 18. What is the units digit of 16 + 3 + 4 - q?
1
Suppose -4*i - i + 50 = 0. Suppose 8 = -12*a + i*a. What is the units digit of a/(-7) + (-130)/(-91)?
2
Let l(g) = 2*g**2 - 2*g - 13. Let q be (-4)/(-3) - (-95)/(-15). What is the units digit of l(q)?
7
Let r be 76 + 1 + (-5)/1. Suppose 2*f - r = 2*t, -2*t - 3*t + 92 = 3*f. Let k = -16 + f. What is the units digit of k?
8
Let h(x) = -x**3 - 11*x**2 - 16*x - 13. Let a be h(-6). Suppose 4*y - 543 = 109. Let f = a + y. What is the units digit of f?
6
Let j(q) = -6*q - 9. Let x be j(-4). Let l = x + -1. Suppose -t = a - 0*a - l, -t - 40 = -5*a. What is the units digit of a?
9
Let z(p) = -p**3 - 15*p**2 - 12*p + 20. Let o be z(-11). Let s = 495 + o. What is the tens digit of s?
6
Suppose -4*d + 3*n = 4 - 5, d + 4*n = 24. Suppose -2*s - 2*g = -20, -s - d*g = -0*s + 2. What is the units digit of s?
4
Suppose 4*v = -5*a + 9763, -5*v = -2*a - 13372 + 1127. What is the thousands digit of v?
2
What is the tens digit of (-8)/52 + (-408968)/(-91)?
9
Let b(i) be the first derivative of 9*i**5/20 + i**4/12 + i**3/6 - i**2/2 - 7*i + 6. Let n(l) be the first derivative of b(l). What is the units digit of n(1)?
0
Suppose 5665 + 1108 = 13*b. What is the hundreds digit of b?
5
Suppose -4*d + 2*p = -1216, -5*p + 3*p + 1520 = 5*d. Suppose -3*x + 233 = -y + 2*y, 0 = -4*x + 2*y + d. What is the tens digit of x?
7
Let y = 1878 + -770. What is the tens digit of y?
0
Suppose 0 = t + 3*t - 100. Suppose -3*f + r = -69, -4*f + r = -3*f - t. Suppose -4*y - 4*w = 8, -5*w - 12 = -3*y + f. What is the units digit of y?
3
Suppose 164 = -3*h - h. Suppose 2*i = 10*i - 472. Let x = h + i. What is the tens digit of x?
1
What is the hundreds digit of (96 + 8204)*(-2)/(-8)?
0
Let t = 19 - -333. What is the units digit of t?
2
Let p = -254 + 444. What is the hundreds digit of p?
1
Suppose -4341 = -6*y + 33. What is the units digit of y?
9
Let l = -6 + 0. Let k = -44 + 64. Let n = l + k. What is the units digit of n?
4
Let y(b) = 10*b**3 + b**2 + b + 1. Suppose 0*x - 1 = x. Let n be y(x). What is the units digit of (-10)/30*n*1?
3
What is the units digit of (-1)/(-4) + (-6888)/(-224)?
1
Let x = 4 + -5. Let g(p) = -2*p - 1. Let a be g(x). What is the tens digit of (-1)/(16/(-15) + a)?
1
Let r(n) = -n**3 - 18*n**2 - 17*n + 10. What is the tens digit of r(-18)?
1
Suppose -r + 0*r + 3 = 0. Suppose 156 = 6*t - r*t. What is the tens digit of t?
5
Suppose 8 = -4*p + 24. Suppose -p*i - 4*h = i - 139, -2*h = 3*i - 85. What is the units digit of i?
1
Let q be (-6)/(-24) - (-81)/12. Suppose 99 = q*c - 6*c. What is the tens digit of c?
9
Let x(n) be the third derivative of -n**5/60 - 7*n**4/24 - n**3 + 2*n**2. Let y be x(-4). Let j(w) = -w**2 + 7*w + 7. What is the units digit of j(y)?
3
Suppose 0 = -4*o + 22 + 6. Suppose -v - 28 + o = 0. What is the tens digit of ((-7)/(v/(-162)))/(-2)?
2
Suppose -w - 6 = 5. Let h = w - -94. What is the tens digit of h?
8
Let g = 7 + -2. Suppose -g*m = -0*m - 130. Let j = -4 + m. What is the tens digit of j?
2
Let a(h) = 330*h**3 - 4*h**2 + 3*h. What is the units digit of a(1)?
9
Suppose -5*n + 51 = 21. What is the units digit of (-1 + 28/7)/(n/32)?
6
Let s be (0 - 2)/(((-20)/(-145))/2). Let o = s + 100. What is the tens digit of o?
7
Suppose -8142 = -7*c + 20411. What is the thousands digit of c?
4
Let f(t) = -9*t - 2. Let y(r) = -3*r - 1. Let p(g) = 4*f(g) - 11*y(g). Let x be p(2). Let n(b) = b**3 + 5*b**2 + b - 3. What is the units digit of n(x)?
2
Let t = 0 + 7. Let y(c) = 16*c - t - 6 + 0*c**2 - 3 - c**2. What is the units digit of y(7)?
7
Let z(l) = 216*l**2 - l + 1. Let t be (-6)/12 - (-3)/12*-2. What is the hundreds digit of z(t)?
2
Let p(f) = f**2 - 9*f + 11. Let u be p(11). Let q(g) = -5*g**2 + 3*g - 2. Let z be q(2). Let l = u + z. What is the tens digit of l?
1
Let j(n) be the third derivative of 67*n**6/60 + n**5/30 - n**4/24 - n**3/6 + 24